{"id":627,"date":"2022-10-12T21:12:48","date_gmt":"2022-10-12T19:12:48","guid":{"rendered":"https:\/\/www.susannehenris.com\/blog\/?page_id=627"},"modified":"2022-10-26T20:33:41","modified_gmt":"2022-10-26T18:33:41","slug":"sags-weiter","status":"publish","type":"page","link":"https:\/\/www.susannehenris.com\/blog\/fotografin-fuer-schwangerschaft-neugeborene-kinder\/preise-fotopakete\/sags-weiter\/","title":{"rendered":"Sag&#8217;s weiter!"},"content":{"rendered":"\t\t<div data-elementor-type=\"wp-page\" data-elementor-id=\"627\" class=\"elementor elementor-627\">\n\t\t\t\t\t\t<section class=\"elementor-section elementor-top-section elementor-element elementor-element-c14e7d9 elementor-section-full_width elementor-section-stretched elementor-section-height-default elementor-section-height-default\" data-id=\"c14e7d9\" data-element_type=\"section\" data-e-type=\"section\" data-settings=\"{&quot;stretch_section&quot;:&quot;section-stretched&quot;}\">\n\t\t\t\t\t\t<div class=\"elementor-container elementor-column-gap-default\">\n\t\t\t\t\t<div class=\"elementor-column elementor-col-100 elementor-top-column elementor-element elementor-element-be4ac5b\" data-id=\"be4ac5b\" data-element_type=\"column\" data-e-type=\"column\">\n\t\t\t<div class=\"elementor-widget-wrap elementor-element-populated\">\n\t\t\t\t\t\t<section class=\"elementor-section elementor-inner-section elementor-element elementor-element-be793aa elementor-section-boxed elementor-section-height-default elementor-section-height-default\" data-id=\"be793aa\" data-element_type=\"section\" data-e-type=\"section\">\n\t\t\t\t\t\t<div class=\"elementor-container elementor-column-gap-default\">\n\t\t\t\t\t<div class=\"elementor-column elementor-col-50 elementor-inner-column elementor-element elementor-element-2c04d77\" data-id=\"2c04d77\" data-element_type=\"column\" data-e-type=\"column\">\n\t\t\t<div class=\"elementor-widget-wrap elementor-element-populated\">\n\t\t\t\t\t\t<div class=\"elementor-element elementor-element-58c6e99 elementor-widget elementor-widget-image\" data-id=\"58c6e99\" data-element_type=\"widget\" data-e-type=\"widget\" data-widget_type=\"image.default\">\n\t\t\t\t<div class=\"elementor-widget-container\">\n\t\t\t\t\t\t\t\t\t\t\t\t\t\t\t<img fetchpriority=\"high\" decoding=\"async\" width=\"300\" height=\"233\" src=\"https:\/\/www.susannehenris.com\/blog\/wp-content\/uploads\/2022\/10\/37377@2x-300x233.jpg\" class=\"attachment-medium size-medium wp-image-629\" alt=\"\" srcset=\"https:\/\/www.susannehenris.com\/blog\/wp-content\/uploads\/2022\/10\/37377@2x-300x233.jpg 300w, https:\/\/www.susannehenris.com\/blog\/wp-content\/uploads\/2022\/10\/37377@2x-500x388.jpg 500w, https:\/\/www.susannehenris.com\/blog\/wp-content\/uploads\/2022\/10\/37377@2x.jpg 546w\" sizes=\"(max-width: 300px) 100vw, 300px\" \/>\t\t\t\t\t\t\t\t\t\t\t\t\t\t\t<\/div>\n\t\t\t\t<\/div>\n\t\t\t\t\t<\/div>\n\t\t<\/div>\n\t\t\t\t<div class=\"elementor-column elementor-col-50 elementor-inner-column elementor-element elementor-element-3619cc3\" data-id=\"3619cc3\" data-element_type=\"column\" data-e-type=\"column\">\n\t\t\t<div class=\"elementor-widget-wrap elementor-element-populated\">\n\t\t\t\t\t\t<div class=\"elementor-element elementor-element-2e64fe4 elementor-widget elementor-widget-text-editor\" data-id=\"2e64fe4\" data-element_type=\"widget\" data-e-type=\"widget\" data-widget_type=\"text-editor.default\">\n\t\t\t\t<div class=\"elementor-widget-container\">\n\t\t\t\t\t\t\t\t\t<h2 class=\"xr_tc Heading_1 xr_s44\" style=\"text-align: center;\"><span style=\"color: #808080;\">Sag\u2018s weiter!<\/span><\/h2><p class=\"xr_tc Heading_2 xr_s45\" style=\"text-align: center;\"><span style=\"color: #808080;\">Weiterempfehlen zahlt sich aus. Nach deinem Fototermin bei mir erh\u00e4ltst du, wenn deine Bilder fertig sind, mit deinen\u00a0Bildern Weiterempfehlungsk\u00e4rtchen.<\/span><\/p><p class=\"xr_tc Heading_2 xr_s45\" style=\"text-align: center;\"><span style=\"color: #808080;\">Du <span class=\"Heading_2 xr_s5\">gibst<\/span> diese einfach an liebe Freunde <span class=\"Heading_2 xr_s5\">weiter<\/span>.<\/span><\/p><p class=\"xr_tc Heading_2 xr_s45\" style=\"text-align: center;\"><span style=\"color: #808080;\">Wenn du diese weitergibst und eine\u00a0Weiterempfehlungskarte durch ein gebuchtes Shooting zu\u00a0mir retour kommt, <span class=\"Heading_2 xr_s5\">bekommst du als Dankesch\u00f6n<\/span> f\u00fcr\u00a0deine Weiterempfehlung einen Rabatt f\u00fcr dein n\u00e4chstes\u00a0Shooting.<\/span><\/p><p class=\"xr_tc Heading_2 xr_s69\" style=\"text-align: center;\"><span style=\"color: #808080;\">Das Beste daran ist:<\/span><\/p><p class=\"xr_tc Heading_2 xr_s51\" style=\"text-align: center;\"><span style=\"color: #808080;\">Gibst du mehrere K\u00e4rtchen weiter kannst du ein <span class=\"Heading_2 xr_s69\">Guthaben <\/span>f\u00fcr dein n\u00e4chstes Shooting bei mir <span class=\"Heading_2 xr_s69\">sammeln. <\/span><\/span><\/p><p class=\"xr_tc Heading_2 xr_s69\" style=\"text-align: center;\"><span style=\"color: #808080;\">Wenn du flei\u00dfig bist und es kommen viele deiner K\u00e4rtchen zu mir zur\u00fcck, kannst du dir sogar ein\u00a0<em><span class=\"Heading_2 xr_s69\"><strong>komplettes Shooting<\/strong> <\/span><\/em><span class=\"Heading_2 xr_s69\">zusammensammeln.<\/span><\/span><\/p><p class=\"xr_tc Heading_2 xr_s45\" style=\"text-align: center;\"><span style=\"color: #808080;\">Auch der Kunde der durch eine Weiterempfehlung bucht, bekommt ein <span class=\"Heading_2 xr_s5\">kleines Extra! <\/span><\/span><\/p><p class=\"xr_tc Heading_2 xr_s45\" style=\"text-align: center;\"><span style=\"color: #808080;\">Genaueres fragst du mich am besten bei deinem Fototermin!<\/span><\/p>\t\t\t\t\t\t\t\t<\/div>\n\t\t\t\t<\/div>\n\t\t\t\t\t<\/div>\n\t\t<\/div>\n\t\t\t\t\t<\/div>\n\t\t<\/section>\n\t\t\t\t\t<\/div>\n\t\t<\/div>\n\t\t\t\t\t<\/div>\n\t\t<\/section>\n\t\t\t\t<section class=\"elementor-section elementor-top-section elementor-element elementor-element-5db829ea elementor-section-full_width elementor-section-content-bottom elementor-section-stretched elementor-section-height-default elementor-section-height-default\" data-id=\"5db829ea\" data-element_type=\"section\" data-e-type=\"section\" data-settings=\"{&quot;stretch_section&quot;:&quot;section-stretched&quot;}\">\n\t\t\t\t\t\t<div class=\"elementor-container elementor-column-gap-default\">\n\t\t\t\t\t<div class=\"elementor-column elementor-col-100 elementor-top-column elementor-element elementor-element-6545c9b0\" data-id=\"6545c9b0\" data-element_type=\"column\" data-e-type=\"column\">\n\t\t\t<div class=\"elementor-widget-wrap elementor-element-populated\">\n\t\t\t\t\t\t<div class=\"elementor-element elementor-element-c3f3ff8 elementor-widget__width-inherit e-transform elementor-widget elementor-widget-text-editor\" data-id=\"c3f3ff8\" data-element_type=\"widget\" data-e-type=\"widget\" data-settings=\"{&quot;_transform_skewX_effect&quot;:{&quot;unit&quot;:&quot;px&quot;,&quot;size&quot;:0,&quot;sizes&quot;:[]},&quot;_transform_skewX_effect_tablet&quot;:{&quot;unit&quot;:&quot;deg&quot;,&quot;size&quot;:&quot;&quot;,&quot;sizes&quot;:[]},&quot;_transform_skewX_effect_mobile&quot;:{&quot;unit&quot;:&quot;deg&quot;,&quot;size&quot;:&quot;&quot;,&quot;sizes&quot;:[]},&quot;_transform_skewY_effect&quot;:{&quot;unit&quot;:&quot;px&quot;,&quot;size&quot;:&quot;&quot;,&quot;sizes&quot;:[]},&quot;_transform_skewY_effect_tablet&quot;:{&quot;unit&quot;:&quot;deg&quot;,&quot;size&quot;:&quot;&quot;,&quot;sizes&quot;:[]},&quot;_transform_skewY_effect_mobile&quot;:{&quot;unit&quot;:&quot;deg&quot;,&quot;size&quot;:&quot;&quot;,&quot;sizes&quot;:[]}}\" data-widget_type=\"text-editor.default\">\n\t\t\t\t<div class=\"elementor-widget-container\">\n\t\t\t\t\t\t\t\t\t<p>\u00a0<\/p>\n<p>\u00a0<\/p>\n<p>\u00a0<\/p>\t\t\t\t\t\t\t\t<\/div>\n\t\t\t\t<\/div>\n\t\t\t\t\t<\/div>\n\t\t<\/div>\n\t\t\t\t\t<\/div>\n\t\t<\/section>\n\t\t\t\t<\/div>\n\t\t","protected":false},"excerpt":{"rendered":"<p>Sag\u2018s weiter! Weiterempfehlen zahlt sich aus. Nach deinem Fototermin bei mir erh\u00e4ltst du, wenn deine Bilder fertig sind, mit deinen\u00a0Bildern Weiterempfehlungsk\u00e4rtchen. Du gibst diese einfach an liebe Freunde weiter. Wenn [&hellip;]<\/p>\n","protected":false},"author":1,"featured_media":0,"parent":588,"menu_order":17,"comment_status":"closed","ping_status":"closed","template":"","meta":{"_mo_disable_npp":"","_vp_format_video_url":"","_vp_image_focal_point":[],"footnotes":""},"class_list":["post-627","page","type-page","status-publish","hentry"],"_links":{"self":[{"href":"https:\/\/www.susannehenris.com\/blog\/wp-json\/wp\/v2\/pages\/627","targetHints":{"allow":["GET"]}}],"collection":[{"href":"https:\/\/www.susannehenris.com\/blog\/wp-json\/wp\/v2\/pages"}],"about":[{"href":"https:\/\/www.susannehenris.com\/blog\/wp-json\/wp\/v2\/types\/page"}],"author":[{"embeddable":true,"href":"https:\/\/www.susannehenris.com\/blog\/wp-json\/wp\/v2\/users\/1"}],"replies":[{"embeddable":true,"href":"https:\/\/www.susannehenris.com\/blog\/wp-json\/wp\/v2\/comments?post=627"}],"version-history":[{"count":0,"href":"https:\/\/www.susannehenris.com\/blog\/wp-json\/wp\/v2\/pages\/627\/revisions"}],"up":[{"embeddable":true,"href":"https:\/\/www.susannehenris.com\/blog\/wp-json\/wp\/v2\/pages\/588"}],"wp:attachment":[{"href":"https:\/\/www.susannehenris.com\/blog\/wp-json\/wp\/v2\/media?parent=627"}],"curies":[{"name":"wp","href":"https:\/\/api.w.org\/{rel}","templated":true}]}}